{"id":104,"date":"2021-03-25T20:28:01","date_gmt":"2021-03-25T20:28:01","guid":{"rendered":"http:\/\/www.ataskon.org\/?page_id=104"},"modified":"2021-04-05T22:11:14","modified_gmt":"2021-04-05T19:11:14","slug":"disiplin-kurulu","status":"publish","type":"page","link":"http:\/\/www.ataskon.org\/?page_id=104","title":{"rendered":"Disiplin Kurulu"},"content":{"rendered":"\n<p><strong>Ba\u015fkan:<\/strong> Mehmet BAYKAN<\/p>\n\n\n\n<p><strong>Ba\u015fkan Yard\u0131mc\u0131s\u0131:<\/strong> Ramazan BALTEPE<\/p>\n\n\n\n<p><strong>\u00dcyeler:<\/strong> Sel\u00e7uk \u00c7AVU\u015eO\u011eLU, Erdal \u00c7AKAN<\/p>\n","protected":false},"excerpt":{"rendered":"<p>Ba\u015fkan: Mehmet BAYKAN Ba\u015fkan Yard\u0131mc\u0131s\u0131: Ramazan BALTEPE \u00dcyeler: Sel\u00e7uk \u00c7AVU\u015eO\u011eLU, Erdal \u00c7AKAN<\/p>\n","protected":false},"author":1,"featured_media":0,"parent":0,"menu_order":0,"comment_status":"closed","ping_status":"closed","template":"","meta":[],"_links":{"self":[{"href":"http:\/\/www.ataskon.org\/index.php?rest_route=\/wp\/v2\/pages\/104"}],"collection":[{"href":"http:\/\/www.ataskon.org\/index.php?rest_route=\/wp\/v2\/pages"}],"about":[{"href":"http:\/\/www.ataskon.org\/index.php?rest_route=\/wp\/v2\/types\/page"}],"author":[{"embeddable":true,"href":"http:\/\/www.ataskon.org\/index.php?rest_route=\/wp\/v2\/users\/1"}],"replies":[{"embeddable":true,"href":"http:\/\/www.ataskon.org\/index.php?rest_route=%2Fwp%2Fv2%2Fcomments&post=104"}],"version-history":[{"count":4,"href":"http:\/\/www.ataskon.org\/index.php?rest_route=\/wp\/v2\/pages\/104\/revisions"}],"predecessor-version":[{"id":267,"href":"http:\/\/www.ataskon.org\/index.php?rest_route=\/wp\/v2\/pages\/104\/revisions\/267"}],"wp:attachment":[{"href":"http:\/\/www.ataskon.org\/index.php?rest_route=%2Fwp%2Fv2%2Fmedia&parent=104"}],"curies":[{"name":"wp","href":"https:\/\/api.w.org\/{rel}","templated":true}]}}